{"id":40,"date":"2010-12-08T19:01:49","date_gmt":"2010-12-08T19:01:49","guid":{"rendered":"http:\/\/cordula-wirkner.de\/develop.php\/?page_id=40"},"modified":"2011-01-18T22:18:18","modified_gmt":"2011-01-18T21:18:18","slug":"coaching","status":"publish","type":"page","link":"https:\/\/cordula-wirkner.de\/?page_id=40","title":{"rendered":"Coaching"},"content":{"rendered":"<p>Die menschliche Stimme hat\u00a0 enorm viele Facetten.<br \/>\nAuch eine gut geschulte Sprechstimme kann bei richtigem Einsatz das Potential im Beruf um einiges steigern:<\/p>\n<p>Eine gute Artikulation, ein angenehmer Stimmklang, eine ausgewogene Atmung, eine gute Stimmf\u00fchrung sind wichtige Bausteine f\u00fcr das freie Reden und auch f\u00fcr die Pers\u00f6nlichkeit.<\/p>\n<p>Cordula Wirkner blickt auf eine jahrelange p\u00e4dagogische Erfahrung zur\u00fcck (von 1995 -2010 Musikp\u00e4dagogin <strong>Maria Ward- Gymnasium<\/strong> und seit 2009 Dozentin an der Erziehungswissenschaftlichen Fakult\u00e4t der <strong>Uni Erlangen- N\u00fcrnberg<\/strong>) und ist neben der Singstimmbildung auch in der Sprecherziehung t\u00e4tig.<\/p>\n<p>Anfragen f\u00fcr Stimmbildung &amp; Coaching \u00fcber meine Mailanschrift <a href=\"mailto:info@cordula-wirkner.de\">{hier}<\/a>.<\/p>\n<p><a href=\"http:\/\/cordula-wirkner.de\/wp-content\/uploads\/2010\/12\/04-035-Quadrat.jpg\"><img decoding=\"async\" loading=\"lazy\" class=\"alignleft size-large wp-image-680\" title=\"04 035 Quadrat\" src=\"http:\/\/cordula-wirkner.de\/wp-content\/uploads\/2010\/12\/04-035-Quadrat-400x396.jpg\" alt=\"\" width=\"400\" height=\"396\" srcset=\"https:\/\/cordula-wirkner.de\/wp-content\/uploads\/2010\/12\/04-035-Quadrat-400x396.jpg 400w, https:\/\/cordula-wirkner.de\/wp-content\/uploads\/2010\/12\/04-035-Quadrat-75x75.jpg 75w, https:\/\/cordula-wirkner.de\/wp-content\/uploads\/2010\/12\/04-035-Quadrat-226x225.jpg 226w, https:\/\/cordula-wirkner.de\/wp-content\/uploads\/2010\/12\/04-035-Quadrat.jpg 750w\" sizes=\"(max-width: 400px) 100vw, 400px\" \/><\/a><\/p>\n","protected":false},"excerpt":{"rendered":"<p>Die menschliche Stimme hat\u00a0 enorm viele Facetten. Auch eine gut geschulte Sprechstimme kann bei richtigem Einsatz das Potential im Beruf um einiges steigern: Eine gute Artikulation, ein angenehmer Stimmklang, eine ausgewogene Atmung, eine gute Stimmf\u00fchrung sind wichtige Bausteine f\u00fcr das freie Reden und auch f\u00fcr die Pers\u00f6nlichkeit. Cordula Wirkner blickt auf eine jahrelange p\u00e4dagogische Erfahrung [&hellip;]<\/p>\n","protected":false},"author":1,"featured_media":318,"parent":0,"menu_order":0,"comment_status":"closed","ping_status":"closed","template":"","meta":[],"_links":{"self":[{"href":"https:\/\/cordula-wirkner.de\/index.php?rest_route=\/wp\/v2\/pages\/40"}],"collection":[{"href":"https:\/\/cordula-wirkner.de\/index.php?rest_route=\/wp\/v2\/pages"}],"about":[{"href":"https:\/\/cordula-wirkner.de\/index.php?rest_route=\/wp\/v2\/types\/page"}],"author":[{"embeddable":true,"href":"https:\/\/cordula-wirkner.de\/index.php?rest_route=\/wp\/v2\/users\/1"}],"replies":[{"embeddable":true,"href":"https:\/\/cordula-wirkner.de\/index.php?rest_route=%2Fwp%2Fv2%2Fcomments&post=40"}],"version-history":[{"count":11,"href":"https:\/\/cordula-wirkner.de\/index.php?rest_route=\/wp\/v2\/pages\/40\/revisions"}],"predecessor-version":[{"id":216,"href":"https:\/\/cordula-wirkner.de\/index.php?rest_route=\/wp\/v2\/pages\/40\/revisions\/216"}],"wp:featuredmedia":[{"embeddable":true,"href":"https:\/\/cordula-wirkner.de\/index.php?rest_route=\/wp\/v2\/media\/318"}],"wp:attachment":[{"href":"https:\/\/cordula-wirkner.de\/index.php?rest_route=%2Fwp%2Fv2%2Fmedia&parent=40"}],"curies":[{"name":"wp","href":"https:\/\/api.w.org\/{rel}","templated":true}]}}